{"id":39,"date":"2016-03-21T21:35:30","date_gmt":"2016-03-21T21:35:30","guid":{"rendered":"http:\/\/www.urlaub-und-stadien.de\/?page_id=39"},"modified":"2018-04-29T13:49:13","modified_gmt":"2018-04-29T13:49:13","slug":"wer-bin-ich-warum","status":"publish","type":"page","link":"http:\/\/www.urlaub-und-stadien.de\/?page_id=39","title":{"rendered":"Wer bin ich warum?"},"content":{"rendered":"<p style=\"text-align: justify;\"><a href=\"http:\/\/www.urlaub-und-stadien.de\/?attachment_id=1127\"><img loading=\"lazy\" class=\"alignleft wp-image-1127\" src=\"http:\/\/www.urlaub-und-stadien.de\/wp-content\/uploads\/2016\/03\/Bild0089.jpg\" alt=\"Bild0089\" width=\"188\" height=\"250\" srcset=\"http:\/\/www.urlaub-und-stadien.de\/wp-content\/uploads\/2016\/03\/Bild0089.jpg 1200w, http:\/\/www.urlaub-und-stadien.de\/wp-content\/uploads\/2016\/03\/Bild0089-225x300.jpg 225w, http:\/\/www.urlaub-und-stadien.de\/wp-content\/uploads\/2016\/03\/Bild0089-768x1024.jpg 768w\" sizes=\"(max-width: 188px) 100vw, 188px\" \/><\/a>Meine Hobbys sind Fu\u00dfball, Reisen und Geographie. Und das Fotografieren. Beim Reisen den Fu\u00dfball zu verfolgen, die Besonderheit der jeweiligen Stadien zu erkunden und in geographisch spannende Gegenden einzutauchen, fasziniert mich. Das treibt mich an. Und es treibt mich Eintracht Braunschweig an.<\/p>\n<p style=\"text-align: justify;\">Ein genauso spannendes Feld ist die Architektur, auch vergehende Architektur.<\/p>\n<p style=\"text-align: justify;\">All das f\u00fchrt zu spannenden, manchmal verr\u00fcckten Touren und Reisen mit manchmal sehr skurillen Momenten. Oder ber\u00fchrenden Momenten voller \u00c4sthetik und Sch\u00f6nheit. Hier sind sie dokumentiert.<\/p>\n","protected":false},"excerpt":{"rendered":"<p>Meine Hobbys sind Fu\u00dfball, Reisen und Geographie. Und das Fotografieren. Beim Reisen den Fu\u00dfball zu verfolgen, die Besonderheit der jeweiligen Stadien zu erkunden und in geographisch spannende Gegenden einzutauchen, fasziniert mich. Das treibt mich an. Und es treibt mich Eintracht Braunschweig an. Ein genauso spannendes Feld ist die Architektur, auch vergehende Architektur. All das f\u00fchrt [&hellip;]<\/p>\n","protected":false},"author":1,"featured_media":0,"parent":0,"menu_order":0,"comment_status":"closed","ping_status":"closed","template":"","meta":[],"_links":{"self":[{"href":"http:\/\/www.urlaub-und-stadien.de\/index.php?rest_route=\/wp\/v2\/pages\/39"}],"collection":[{"href":"http:\/\/www.urlaub-und-stadien.de\/index.php?rest_route=\/wp\/v2\/pages"}],"about":[{"href":"http:\/\/www.urlaub-und-stadien.de\/index.php?rest_route=\/wp\/v2\/types\/page"}],"author":[{"embeddable":true,"href":"http:\/\/www.urlaub-und-stadien.de\/index.php?rest_route=\/wp\/v2\/users\/1"}],"replies":[{"embeddable":true,"href":"http:\/\/www.urlaub-und-stadien.de\/index.php?rest_route=%2Fwp%2Fv2%2Fcomments&post=39"}],"version-history":[{"count":17,"href":"http:\/\/www.urlaub-und-stadien.de\/index.php?rest_route=\/wp\/v2\/pages\/39\/revisions"}],"predecessor-version":[{"id":3879,"href":"http:\/\/www.urlaub-und-stadien.de\/index.php?rest_route=\/wp\/v2\/pages\/39\/revisions\/3879"}],"wp:attachment":[{"href":"http:\/\/www.urlaub-und-stadien.de\/index.php?rest_route=%2Fwp%2Fv2%2Fmedia&parent=39"}],"curies":[{"name":"wp","href":"https:\/\/api.w.org\/{rel}","templated":true}]}}